{"id":2630,"date":"2016-08-25T21:07:33","date_gmt":"2016-08-25T19:07:33","guid":{"rendered":"http:\/\/www.bostacademy.fr\/danse\/?page_id=2630"},"modified":"2018-04-16T16:54:15","modified_gmt":"2018-04-16T14:54:15","slug":"ou-sortir","status":"publish","type":"page","link":"https:\/\/www.bostacademy.com\/danse\/ou-sortir\/","title":{"rendered":"O\u00f9 sortir ?"},"content":{"rendered":"<section class=\"wpb-content-wrapper\"><p>[vc_row][vc_column][rev_slider_vc alias=\u00a0\u00bbou-sortir\u00a0\u00bb][vc_column_text]<\/p>\n<h3 style=\"text-align: center;\">\u00c9v\u00e8nements &#8211; O\u00f9 sortir ?<\/h3>\n<p>[\/vc_column_text][vc_column_text]<\/p>\n<p style=\"text-align: center;\">Cliquez sur les images pour en savoir plus &#8230;<\/p>\n<p>[\/vc_column_text]<div id=\"sc_blogger_693939290\" class=\"sc_blogger layout_classic_4 template_masonry  sc_blogger_horizontal no_description\"><div class=\"isotope_wrap\" data-columns=\"4\"><\/div><\/div>[\/vc_column][\/vc_row]<\/p>\n<\/section>","protected":false},"excerpt":{"rendered":"<p>[vc_row][vc_column][rev_slider_vc alias=\u00a0\u00bbou-sortir\u00a0\u00bb][vc_column_text] \u00c9v\u00e8nements &#8211; O\u00f9 sortir ? [\/vc_column_text][vc_column_text] Cliquez sur les images pour en savoir plus &#8230; [\/vc_column_text][\/vc_column][\/vc_row]<\/p>\n","protected":false},"author":1,"featured_media":2928,"parent":0,"menu_order":0,"comment_status":"closed","ping_status":"closed","template":"","meta":{"footnotes":""},"yoast_head":"<!-- This site is optimized with the Yoast SEO plugin v22.6 - https:\/\/yoast.com\/wordpress\/plugins\/seo\/ -->\n<title>O\u00f9 sortir ? - Bost Academy<\/title>\n<meta name=\"robots\" content=\"index, follow, max-snippet:-1, max-image-preview:large, max-video-preview:-1\" \/>\n<link rel=\"canonical\" href=\"https:\/\/www.bostacademy.com\/danse\/ou-sortir\/\" \/>\n<meta property=\"og:locale\" content=\"fr_FR\" \/>\n<meta property=\"og:type\" content=\"article\" \/>\n<meta property=\"og:title\" content=\"O\u00f9 sortir ? - Bost Academy\" \/>\n<meta property=\"og:description\" content=\"[vc_row][vc_column][rev_slider_vc alias=\u00a0\u00bbou-sortir\u00a0\u00bb][vc_column_text] \u00c9v\u00e8nements &#8211; O\u00f9 sortir ? [\/vc_column_text][vc_column_text] Cliquez sur les images pour en savoir plus &#8230; [\/vc_column_text][\/vc_column][\/vc_row]\" \/>\n<meta property=\"og:url\" content=\"https:\/\/www.bostacademy.com\/danse\/ou-sortir\/\" \/>\n<meta property=\"og:site_name\" content=\"Bost Academy\" \/>\n<meta property=\"article:publisher\" content=\"https:\/\/www.facebook.com\/bostacademy\/\" \/>\n<meta property=\"article:modified_time\" content=\"2018-04-16T14:54:15+00:00\" \/>\n<meta property=\"og:image\" content=\"https:\/\/www.bostacademy.com\/danse\/wp-content\/uploads\/2016\/08\/Soir\u00e9e-dansante-3-mars-2018-e1519902620821.jpg\" \/>\n\t<meta property=\"og:image:width\" content=\"400\" \/>\n\t<meta property=\"og:image:height\" content=\"216\" \/>\n\t<meta property=\"og:image:type\" content=\"image\/jpeg\" \/>\n<meta name=\"twitter:card\" content=\"summary_large_image\" \/>\n<script type=\"application\/ld+json\" class=\"yoast-schema-graph\">{\"@context\":\"https:\/\/schema.org\",\"@graph\":[{\"@type\":\"WebPage\",\"@id\":\"https:\/\/www.bostacademy.com\/danse\/ou-sortir\/\",\"url\":\"https:\/\/www.bostacademy.com\/danse\/ou-sortir\/\",\"name\":\"O\u00f9 sortir ? - Bost Academy\",\"isPartOf\":{\"@id\":\"https:\/\/www.bostacademy.com\/danse\/#website\"},\"primaryImageOfPage\":{\"@id\":\"https:\/\/www.bostacademy.com\/danse\/ou-sortir\/#primaryimage\"},\"image\":{\"@id\":\"https:\/\/www.bostacademy.com\/danse\/ou-sortir\/#primaryimage\"},\"thumbnailUrl\":\"https:\/\/www.bostacademy.com\/danse\/wp-content\/uploads\/2016\/08\/Soir\u00e9e-dansante-3-mars-2018-e1519902620821.jpg\",\"datePublished\":\"2016-08-25T19:07:33+00:00\",\"dateModified\":\"2018-04-16T14:54:15+00:00\",\"breadcrumb\":{\"@id\":\"https:\/\/www.bostacademy.com\/danse\/ou-sortir\/#breadcrumb\"},\"inLanguage\":\"fr-FR\",\"potentialAction\":[{\"@type\":\"ReadAction\",\"target\":[\"https:\/\/www.bostacademy.com\/danse\/ou-sortir\/\"]}]},{\"@type\":\"ImageObject\",\"inLanguage\":\"fr-FR\",\"@id\":\"https:\/\/www.bostacademy.com\/danse\/ou-sortir\/#primaryimage\",\"url\":\"https:\/\/www.bostacademy.com\/danse\/wp-content\/uploads\/2016\/08\/Soir\u00e9e-dansante-3-mars-2018-e1519902620821.jpg\",\"contentUrl\":\"https:\/\/www.bostacademy.com\/danse\/wp-content\/uploads\/2016\/08\/Soir\u00e9e-dansante-3-mars-2018-e1519902620821.jpg\",\"width\":400,\"height\":216},{\"@type\":\"BreadcrumbList\",\"@id\":\"https:\/\/www.bostacademy.com\/danse\/ou-sortir\/#breadcrumb\",\"itemListElement\":[{\"@type\":\"ListItem\",\"position\":1,\"name\":\"Accueil\",\"item\":\"https:\/\/www.bostacademy.com\/danse\/\"},{\"@type\":\"ListItem\",\"position\":2,\"name\":\"O\u00f9 sortir ?\"}]},{\"@type\":\"WebSite\",\"@id\":\"https:\/\/www.bostacademy.com\/danse\/#website\",\"url\":\"https:\/\/www.bostacademy.com\/danse\/\",\"name\":\"Bost Academy\",\"description\":\"Acad\u00e9mie &amp; Ecole de Danse \u00e0 Valence\",\"publisher\":{\"@id\":\"https:\/\/www.bostacademy.com\/danse\/#organization\"},\"potentialAction\":[{\"@type\":\"SearchAction\",\"target\":{\"@type\":\"EntryPoint\",\"urlTemplate\":\"https:\/\/www.bostacademy.com\/danse\/?s={search_term_string}\"},\"query-input\":\"required name=search_term_string\"}],\"inLanguage\":\"fr-FR\"},{\"@type\":\"Organization\",\"@id\":\"https:\/\/www.bostacademy.com\/danse\/#organization\",\"name\":\"Bost Academy\",\"url\":\"https:\/\/www.bostacademy.com\/danse\/\",\"logo\":{\"@type\":\"ImageObject\",\"inLanguage\":\"fr-FR\",\"@id\":\"https:\/\/www.bostacademy.com\/danse\/#\/schema\/logo\/image\/\",\"url\":\"https:\/\/www.bostacademy.com\/danse\/wp-content\/uploads\/2016\/08\/logo_bost_academy_noir.png\",\"contentUrl\":\"https:\/\/www.bostacademy.com\/danse\/wp-content\/uploads\/2016\/08\/logo_bost_academy_noir.png\",\"width\":423,\"height\":130,\"caption\":\"Bost Academy\"},\"image\":{\"@id\":\"https:\/\/www.bostacademy.com\/danse\/#\/schema\/logo\/image\/\"},\"sameAs\":[\"https:\/\/www.facebook.com\/bostacademy\/\"]}]}<\/script>\n<!-- \/ Yoast SEO plugin. -->","yoast_head_json":{"title":"O\u00f9 sortir ? - Bost Academy","robots":{"index":"index","follow":"follow","max-snippet":"max-snippet:-1","max-image-preview":"max-image-preview:large","max-video-preview":"max-video-preview:-1"},"canonical":"https:\/\/www.bostacademy.com\/danse\/ou-sortir\/","og_locale":"fr_FR","og_type":"article","og_title":"O\u00f9 sortir ? - Bost Academy","og_description":"[vc_row][vc_column][rev_slider_vc alias=\u00a0\u00bbou-sortir\u00a0\u00bb][vc_column_text] \u00c9v\u00e8nements &#8211; O\u00f9 sortir ? [\/vc_column_text][vc_column_text] Cliquez sur les images pour en savoir plus &#8230; [\/vc_column_text][\/vc_column][\/vc_row]","og_url":"https:\/\/www.bostacademy.com\/danse\/ou-sortir\/","og_site_name":"Bost Academy","article_publisher":"https:\/\/www.facebook.com\/bostacademy\/","article_modified_time":"2018-04-16T14:54:15+00:00","og_image":[{"width":400,"height":216,"url":"https:\/\/www.bostacademy.com\/danse\/wp-content\/uploads\/2016\/08\/Soir\u00e9e-dansante-3-mars-2018-e1519902620821.jpg","type":"image\/jpeg"}],"twitter_card":"summary_large_image","schema":{"@context":"https:\/\/schema.org","@graph":[{"@type":"WebPage","@id":"https:\/\/www.bostacademy.com\/danse\/ou-sortir\/","url":"https:\/\/www.bostacademy.com\/danse\/ou-sortir\/","name":"O\u00f9 sortir ? - Bost Academy","isPartOf":{"@id":"https:\/\/www.bostacademy.com\/danse\/#website"},"primaryImageOfPage":{"@id":"https:\/\/www.bostacademy.com\/danse\/ou-sortir\/#primaryimage"},"image":{"@id":"https:\/\/www.bostacademy.com\/danse\/ou-sortir\/#primaryimage"},"thumbnailUrl":"https:\/\/www.bostacademy.com\/danse\/wp-content\/uploads\/2016\/08\/Soir\u00e9e-dansante-3-mars-2018-e1519902620821.jpg","datePublished":"2016-08-25T19:07:33+00:00","dateModified":"2018-04-16T14:54:15+00:00","breadcrumb":{"@id":"https:\/\/www.bostacademy.com\/danse\/ou-sortir\/#breadcrumb"},"inLanguage":"fr-FR","potentialAction":[{"@type":"ReadAction","target":["https:\/\/www.bostacademy.com\/danse\/ou-sortir\/"]}]},{"@type":"ImageObject","inLanguage":"fr-FR","@id":"https:\/\/www.bostacademy.com\/danse\/ou-sortir\/#primaryimage","url":"https:\/\/www.bostacademy.com\/danse\/wp-content\/uploads\/2016\/08\/Soir\u00e9e-dansante-3-mars-2018-e1519902620821.jpg","contentUrl":"https:\/\/www.bostacademy.com\/danse\/wp-content\/uploads\/2016\/08\/Soir\u00e9e-dansante-3-mars-2018-e1519902620821.jpg","width":400,"height":216},{"@type":"BreadcrumbList","@id":"https:\/\/www.bostacademy.com\/danse\/ou-sortir\/#breadcrumb","itemListElement":[{"@type":"ListItem","position":1,"name":"Accueil","item":"https:\/\/www.bostacademy.com\/danse\/"},{"@type":"ListItem","position":2,"name":"O\u00f9 sortir ?"}]},{"@type":"WebSite","@id":"https:\/\/www.bostacademy.com\/danse\/#website","url":"https:\/\/www.bostacademy.com\/danse\/","name":"Bost Academy","description":"Acad\u00e9mie &amp; Ecole de Danse \u00e0 Valence","publisher":{"@id":"https:\/\/www.bostacademy.com\/danse\/#organization"},"potentialAction":[{"@type":"SearchAction","target":{"@type":"EntryPoint","urlTemplate":"https:\/\/www.bostacademy.com\/danse\/?s={search_term_string}"},"query-input":"required name=search_term_string"}],"inLanguage":"fr-FR"},{"@type":"Organization","@id":"https:\/\/www.bostacademy.com\/danse\/#organization","name":"Bost Academy","url":"https:\/\/www.bostacademy.com\/danse\/","logo":{"@type":"ImageObject","inLanguage":"fr-FR","@id":"https:\/\/www.bostacademy.com\/danse\/#\/schema\/logo\/image\/","url":"https:\/\/www.bostacademy.com\/danse\/wp-content\/uploads\/2016\/08\/logo_bost_academy_noir.png","contentUrl":"https:\/\/www.bostacademy.com\/danse\/wp-content\/uploads\/2016\/08\/logo_bost_academy_noir.png","width":423,"height":130,"caption":"Bost Academy"},"image":{"@id":"https:\/\/www.bostacademy.com\/danse\/#\/schema\/logo\/image\/"},"sameAs":["https:\/\/www.facebook.com\/bostacademy\/"]}]}},"_links":{"self":[{"href":"https:\/\/www.bostacademy.com\/danse\/wp-json\/wp\/v2\/pages\/2630"}],"collection":[{"href":"https:\/\/www.bostacademy.com\/danse\/wp-json\/wp\/v2\/pages"}],"about":[{"href":"https:\/\/www.bostacademy.com\/danse\/wp-json\/wp\/v2\/types\/page"}],"author":[{"embeddable":true,"href":"https:\/\/www.bostacademy.com\/danse\/wp-json\/wp\/v2\/users\/1"}],"replies":[{"embeddable":true,"href":"https:\/\/www.bostacademy.com\/danse\/wp-json\/wp\/v2\/comments?post=2630"}],"version-history":[{"count":13,"href":"https:\/\/www.bostacademy.com\/danse\/wp-json\/wp\/v2\/pages\/2630\/revisions"}],"predecessor-version":[{"id":3249,"href":"https:\/\/www.bostacademy.com\/danse\/wp-json\/wp\/v2\/pages\/2630\/revisions\/3249"}],"wp:featuredmedia":[{"embeddable":true,"href":"https:\/\/www.bostacademy.com\/danse\/wp-json\/wp\/v2\/media\/2928"}],"wp:attachment":[{"href":"https:\/\/www.bostacademy.com\/danse\/wp-json\/wp\/v2\/media?parent=2630"}],"curies":[{"name":"wp","href":"https:\/\/api.w.org\/{rel}","templated":true}]}}